{"id":895,"date":"2024-04-03T14:46:41","date_gmt":"2024-04-03T12:46:41","guid":{"rendered":"https:\/\/pair-aidance-addictions-bretagne.bzh\/?page_id=895"},"modified":"2024-04-24T15:57:08","modified_gmt":"2024-04-24T13:57:08","slug":"nos-partenaires","status":"publish","type":"page","link":"https:\/\/pair-aidance-addictions-bretagne.bzh\/index.php\/nos-partenaires\/","title":{"rendered":"Nos partenaires"},"content":{"rendered":"\n<style>\n.partner-container {\n  max-width: 800px;\n  margin: auto;\n}\n\n.partner-row {\n  display: flex;\n  flex-direction: column;\n  align-items: center;\n  margin-bottom: 20px;\n  padding-bottom: 20px;\n  border-bottom: 1px solid #ddd;\n}\n\n.partner-content {\n  width: 100%;\n}\n\n.partner-content h3 {\n  margin-top: 0;\n  text-align: center;\n  font-size: 35px; \/* Ajuste cette valeur pour augmenter la taille du texte *\/\n  text-decoration: underline;  \n}\n\n.partner-logo {\n  margin: 10px 0;\n  display: flex;\n  justify-content: center;\n}\n\n.partner-logo img {\n  max-width: 100%;\n  height: auto;\n}\n\n.partner-content p {\n  text-align: left; \/* Assure que le texte \u00e0 l'int\u00e9rieur du paragraphe est align\u00e9 \u00e0 gauche *\/\n}\n\n.partner-link {\n  text-decoration: none;\n  color: #0056b3;\n  font-weight: bold;\n  transition: all 0.3s ease;\n  display: block; \/* Change \u00e0 block pour appliquer text-align *\/\n  margin-top: 10px; \/* Espace au-dessus du lien *\/\n  text-align: right; \/* Alignement \u00e0 droite pour le lien *\/\n}\n\n.partner-link:hover {\n  text-decoration: underline;\n}\n<\/style>\n\n<br>\n<div class=\"partner-container\">\n  <div class=\"partner-row\">\n    <div class=\"partner-content\">\n      <h3>Addict&rsquo;Aide<\/h3>\n    <\/div>  \n    <div class=\"partner-logo\">\n      <img decoding=\"async\" src=\"https:\/\/pair-aidance-addictions-bretagne.bzh\/wp-content\/uploads\/2024\/04\/addictaide.png\" alt=\"Addict'Aide\" style=\"max-width:80%\">\n    <\/div>\n    <div class=\"partner-content\">\n      <p>Plateforme de r\u00e9f\u00e9rence, Addict&rsquo;Aide offre des ressources et un soutien pr\u00e9cieux pour lutter contre toutes les formes d&rsquo;addiction, encourageant la recherche et le partage d&rsquo;informations fiables.<\/p>\n      <a href=\"https:\/\/www.addictaide.fr\/\" class=\"partner-link\" target=\"_blank\" rel=\"noopener\">&#x279C; Visitez le site de Addict&rsquo;Aide<\/a>\n    <\/div>\n  <\/div>\n<\/div>\n\n<div class=\"partner-container\">\n  <div class=\"partner-row\">\n    <div class=\"partner-content\">\n      <h3>Addictions France Bretagne<\/h3>\n    <\/div>  \n    <div class=\"partner-logo\">\n      <img decoding=\"async\" src=\"https:\/\/pair-aidance-addictions-bretagne.bzh\/wp-content\/uploads\/2024\/04\/addiction-france-bzh-2.png\" alt=\"Addiction France Bretagne\" style=\"max-width:80%\">\n    <\/div>\n    <div class=\"partner-content\">\n      <p>Acteur majeur en Bretagne, cette branche r\u00e9gionale de Addiction France se consacre \u00e0 la pr\u00e9vention, l&rsquo;accompagnement, et la sensibilisation aux diff\u00e9rentes d\u00e9pendances, au service des individus et de la communaut\u00e9.<\/p>\n      <a href=\"https:\/\/addictions-france.org\/regions\/bretagne\/\" class=\"partner-link\" target=\"_blank\" rel=\"noopener\">&#x279C; Visitez le site de Addiction France Bretagne<\/a>\n    <\/div>\n  <\/div>\n<\/div>\n\n\n<div class=\"partner-container\">\n  <div class=\"partner-row\">\n    <div class=\"partner-content\">\n      <h3>CAMERUP<\/h3>\n    <\/div>\n    <div class=\"partner-logo\">\n      <img decoding=\"async\" src=\"https:\/\/pair-aidance-addictions-bretagne.bzh\/wp-content\/uploads\/2024\/04\/camerup.png\" alt=\"CAMERUP\" style=\"max-width:80%\">\n    <\/div>\n    <div class=\"partner-content\">\n      <p>La CAMERUP est un groupement d\u2019associations, de f\u00e9d\u00e9rations et de mouvements d\u2019entraide aux victimes de l\u2019alcoolisme, ayant reconnaissance d\u2019utilit\u00e9 publique : Entraid&rsquo;Addict \u2013 Alcool Ecoute Joie et sant\u00e9 \u2013 Les Amis de la Sant\u00e9 \u2013 La Croix bleue \u2013 Vie Libre. La vocation de cette coordination, qui n\u2019influence aucunement le fonctionnement propre \u00e0 chaque structure, est d\u2019\u00eatre repr\u00e9sentative et plus solidaire \u00e0 tous les niveaux dans le contexte de la th\u00e9matique Alcool en France et sur le plan Europ\u00e9en.<\/p>\n      <a href=\"https:\/\/www.camerup.fr\/\" class=\"partner-link\" target=\"_blank\" rel=\"noopener\">&#x279C; Visitez le site de la CAMERUP<\/a>\n    <\/div>\n  <\/div>\n<\/div>\n\n<div class=\"partner-container\">\n  <div class=\"partner-row\">\n    <div class=\"partner-content\">\n      <h3>Coordination Bretonne de Tabacologie<\/h3>\n    <\/div>\n    <div class=\"partner-logo\">\n      <img decoding=\"async\" src=\"https:\/\/pair-aidance-addictions-bretagne.bzh\/wp-content\/uploads\/2024\/04\/Coordination-Bretonne-Tabacologie.jpeg\" alt=\"Coordination Bretonne de Tabacologie\" style=\"max-width:90%\">\n    <\/div>\n    <div class=\"partner-content\">\n      <p>Sp\u00e9cialis\u00e9e dans la lutte contre le tabagisme, cette coordination bretonne met l&rsquo;accent sur la pr\u00e9vention et le soutien au sevrage, jouant un r\u00f4le cl\u00e9 dans la sant\u00e9 publique r\u00e9gionale.<\/p>\n    <\/div>\n  <\/div>\n<\/div>\n\n<div class=\"partner-container\">\n  <div class=\"partner-row\">\n    <div class=\"partner-content\">\n      <h3>Douar Nevez<\/h3>\n    <\/div>\n    <div class=\"partner-logo\">\n      <img decoding=\"async\" src=\"https:\/\/pair-aidance-addictions-bretagne.bzh\/wp-content\/uploads\/2024\/04\/douar-nevez.png\" alt=\"Douar Nevez\" style=\"max-width:80%\">\n    <\/div>\n    <div class=\"partner-content\">\n      <p>Douar Nevez propose des parcours de soins personnalis\u00e9s et un h\u00e9bergement pour les personnes en difficult\u00e9 avec les addictions, promouvant r\u00e9insertion sociale et autonomie.<\/p>\n      <a href=\"https:\/\/www.douarnevez.com\/\" class=\"partner-link\" target=\"_blank\" rel=\"noopener\">&#x279C; Visitez le site de Douar Nevez<\/a>\n    <\/div>\n  <\/div>\n<\/div>\n\n<div class=\"partner-container\">\n  <div class=\"partner-row\">\n    <div class=\"partner-content\">\n      <h3>Espoir Amiti\u00e9 56<\/h3>\n    <\/div>\n    <div class=\"partner-logo\">\n      <img decoding=\"async\" src=\"https:\/\/pair-aidance-addictions-bretagne.bzh\/wp-content\/uploads\/2024\/04\/espoir-amitie-56.jpg\" alt=\"Espoir Amiti\u00e9 56\" style=\"max-width:55%\">\n    <\/div>\n    <div class=\"partner-content\">\n      <p>Cette association se d\u00e9die \u00e0 l&rsquo;aide aux malades de l&rsquo;alcool et \u00e0 leurs familles, offrant \u00e9coute, accompagnement et activit\u00e9s pour favoriser le r\u00e9tablissement et l&rsquo;entraide.<\/p>\n      <a href=\"https:\/\/www.infolocale.fr\/associations\/organisme-espoir-amitie-56-association-daide-aux-malades-de-lalcool-et-a-leurs-familles-41013\/evenement-hennebont-horaires-des-services-association-espoir-amitie-56-8060907\" class=\"partner-link\" target=\"_blank\" rel=\"noopener\">&#x279C; Visitez le site de Espoir Amiti\u00e9 56<\/a>\n    <\/div>\n  <\/div>\n<\/div>\n\n<div class=\"partner-container\">\n  <div class=\"partner-row\">\n    <div class=\"partner-content\">\n      <h3>F\u00e9d\u00e9ration des acteurs de la solidarit\u00e9<\/h3>\n    <\/div>\n    <div class=\"partner-logo\">\n      <img decoding=\"async\" src=\"https:\/\/pair-aidance-addictions-bretagne.bzh\/wp-content\/uploads\/2024\/04\/FAS.jpg\" alt=\"F\u00e9d\u00e9ration des acteurs de la solidarit\u00e9\" style=\"max-width:60%\">\n    <\/div>\n    <div class=\"partner-content\">\n      <p>Un r\u00e9seau solide qui lutte contre l&rsquo;exclusion, la F\u00e9d\u00e9ration des acteurs de la solidarit\u00e9 f\u00e9d\u00e8re des organisations pour agir efficacement sur les addictions et autres enjeux sociaux.<\/p>\n      <a href=\"https:\/\/www.federationsolidarite.org\/\" class=\"partner-link\" target=\"_blank\" rel=\"noopener\">&#x279C; Visitez le site de la F\u00e9d\u00e9ration des acteurs de la solidarit\u00e9<\/a>\n    <\/div>\n  <\/div>\n<\/div>\n\n<div class=\"partner-container\">\n  <div class=\"partner-row\">\n    <div class=\"partner-content\">\n      <h3>France Patients-Experts Addictions<\/h3>\n    <\/div>\n    <div class=\"partner-logo\">\n      <img decoding=\"async\" src=\"https:\/\/pair-aidance-addictions-bretagne.bzh\/wp-content\/uploads\/2024\/04\/FPEA.png\" alt=\"France Patients-Experts Addictions\">\n    <\/div>\n    <div class=\"partner-content\">\n      <p>FPEA forme des patients-experts en addictologie et contribue \u00e0 la veille sanitaire, renfor\u00e7ant les comp\u00e9tences des individus pour une meilleure prise en charge des addictions.<\/p>\n      <a href=\"http:\/\/fpea.fr\" class=\"partner-link\" target=\"_blank\" rel=\"noopener\">&#x279C; Visitez le site de France Patients-Experts Addictions<\/a>\n    <\/div>\n  <\/div>\n<\/div>\n\n<div class=\"partner-container\">\n  <div class=\"partner-row\">\n    <div class=\"partner-content\">\n      <h3>Promotion Sant\u00e9 Bretagne<\/h3>\n    <\/div>\n    <div class=\"partner-logo\">\n      <img decoding=\"async\" src=\"https:\/\/pair-aidance-addictions-bretagne.bzh\/wp-content\/uploads\/2024\/04\/Promotion-sante\u0301-Bretagne.png\" alt=\"IREPS Bretagne\" style=\"max-width:40%\">\n    <\/div>\n    <div class=\"partner-content\">\n      <p>Promotion Sant\u00e9 Bretagne \u0153uvre pour l&rsquo;am\u00e9lioration de la sant\u00e9 des Bretons par l&rsquo;\u00e9ducation, l&rsquo;information et la mise en \u0153uvre de projets de sant\u00e9 publique.<\/p>\n      <a href=\"https:\/\/promotion-sante-bretagne.org\/\" class=\"partner-link\" target=\"_blank\" rel=\"noopener\">&#x279C; Visitez le site de Promotion Sant\u00e9 Bretagne<\/a>\n    <\/div>\n  <\/div>\n<\/div>\n\n<div class=\"partner-container\">\n  <div class=\"partner-row\">\n    <div class=\"partner-content\">\n      <h3>La sant\u00e9 de la famille<\/h3>\n    <\/div>\n    <div class=\"partner-logo\">\n      <img decoding=\"async\" src=\"https:\/\/pair-aidance-addictions-bretagne.bzh\/wp-content\/uploads\/2024\/04\/La-sante\u0301-de-la-famille.jpeg\" alt=\"La sant\u00e9 de la famille\" style=\"max-width:60%\">\n    <\/div>\n    <div class=\"partner-content\">\n      <p>Cette initiative bretonne se focalise sur la sant\u00e9 familiale en abordant les th\u00e9matiques d&rsquo;addictions, renfor\u00e7ant le bien-\u00eatre des familles gr\u00e2ce \u00e0 des actions de pr\u00e9vention et de soutien.<\/p>\n      <a href=\"https:\/\/www.lasantedelafamille.fr\/region-bretagne\" class=\"partner-link\" target=\"_blank\" rel=\"noopener\">&#x279C; Visitez le site de La sant\u00e9 de la famille<\/a>\n    <\/div>\n  <\/div>\n<\/div>\n\n<div class=\"partner-container\">\n  <div class=\"partner-row\">\n    <div class=\"partner-content\">\n      <h3>R\u00c9SEAU ALCOOL-TOXIQUES DU PONANT<\/h3>\n    <\/div>\n    <div class=\"partner-logo\">\n      <img decoding=\"async\" src=\"https:\/\/pair-aidance-addictions-bretagne.bzh\/wp-content\/uploads\/2024\/04\/RE\u0301SEAU-ALCOOL-TOXIQUES-DU-PONANT.png\" alt=\"R\u00c9SEAU ALCOOL-TOXIQUES DU PONANT\" style=\"max-width:60%\">\n    <\/div>\n    <div class=\"partner-content\">\n      <p>R\u00e9seau d&rsquo;\u00e9tablissements de sant\u00e9, cette organisation coordonne les actions et les soins autour des probl\u00e9matiques li\u00e9es \u00e0 l&rsquo;alcool et autres toxiques dans l&rsquo;ouest de la France.<\/p>\n    <\/div>\n  <\/div>\n<\/div>\n","protected":false},"excerpt":{"rendered":"<p>Addict&rsquo;Aide Plateforme de r\u00e9f\u00e9rence, Addict&rsquo;Aide offre des ressources et un soutien pr\u00e9cieux pour lutter contre toutes les formes d&rsquo;addiction, encourageant la recherche et le partage [&#8230;]<\/p>\n","protected":false},"author":1,"featured_media":0,"parent":0,"menu_order":0,"comment_status":"closed","ping_status":"closed","template":"","meta":{"footnotes":""},"class_list":["post-895","page","type-page","status-publish","hentry"],"jetpack_sharing_enabled":true,"_links":{"self":[{"href":"https:\/\/pair-aidance-addictions-bretagne.bzh\/index.php\/wp-json\/wp\/v2\/pages\/895","targetHints":{"allow":["GET"]}}],"collection":[{"href":"https:\/\/pair-aidance-addictions-bretagne.bzh\/index.php\/wp-json\/wp\/v2\/pages"}],"about":[{"href":"https:\/\/pair-aidance-addictions-bretagne.bzh\/index.php\/wp-json\/wp\/v2\/types\/page"}],"author":[{"embeddable":true,"href":"https:\/\/pair-aidance-addictions-bretagne.bzh\/index.php\/wp-json\/wp\/v2\/users\/1"}],"replies":[{"embeddable":true,"href":"https:\/\/pair-aidance-addictions-bretagne.bzh\/index.php\/wp-json\/wp\/v2\/comments?post=895"}],"version-history":[{"count":108,"href":"https:\/\/pair-aidance-addictions-bretagne.bzh\/index.php\/wp-json\/wp\/v2\/pages\/895\/revisions"}],"predecessor-version":[{"id":1119,"href":"https:\/\/pair-aidance-addictions-bretagne.bzh\/index.php\/wp-json\/wp\/v2\/pages\/895\/revisions\/1119"}],"wp:attachment":[{"href":"https:\/\/pair-aidance-addictions-bretagne.bzh\/index.php\/wp-json\/wp\/v2\/media?parent=895"}],"curies":[{"name":"wp","href":"https:\/\/api.w.org\/{rel}","templated":true}]}}